{"id":3438,"date":"2023-12-05T12:20:01","date_gmt":"2023-12-05T12:20:01","guid":{"rendered":"https:\/\/harasranchofatima.com\/?page_id=3438"},"modified":"2024-01-15T14:06:49","modified_gmt":"2024-01-15T14:06:49","slug":"abdel-nazer","status":"publish","type":"page","link":"https:\/\/ranchofatima.com\/index.php\/abdel-nazer\/","title":{"rendered":"Abdel Nazer"},"content":{"rendered":"<p>[vc_row][vc_column][vc_separator border_width=\u00bb2&#8243;][vc_column_text css=\u00bb.vc_custom_1701778830157{margin-top: 50px !important;}\u00bb]<\/p>\n<h2 style=\"text-align: center; color: black; margin-bottom: -25px;\">ABDEL NAZER (PER)<\/h2>\n<p>[\/vc_column_text][vc_empty_space]<h5 class=\"sc_title sc_title_regular\" style=\"color:#000000;\"><\/p>\n<p style=\"text-align: center;\"><strong>Minister\u00b4s Joy-Sintra por Play the Gold<\/strong><\/p>\n<p><\/h5>[vc_empty_space][vc_single_image image=\u00bb3437&#8243; img_size=\u00bb750&#215;500&#8243; alignment=\u00bbcenter\u00bb][vc_tta_tabs shape=\u00bbsquare\u00bb spacing=\u00bb\u00bb alignment=\u00bbcenter\u00bb active_section=\u00bb1&#8243; no_fill_content_area=\u00bbtrue\u00bb][vc_tta_section title=\u00bbRese\u00f1a\u00bb tab_id=\u00bb1677670015874-8e1aa575-4f11&#8243;][vc_column_text el_class=\u00bbtexto-justificado\u00bb css=\u00bb.vc_custom_1701949305407{margin-top: 25px !important;}\u00bb]Abdel Nazer es hijo de Minister\u2019s Joy y Sintra (Play The Gold), que defendi\u00f3 los colores del Stud Soribel. Gan\u00f3 26 carreras, de las cuales 25 fueron cl\u00e1sicos: Hip\u00f3dromo de Monterrico (G2), OSAF (G2), Jos\u00e9 Rodr\u00edguez Razzeto (G3) (2 veces), Juan Magot Rosell\u00f3 (G3) (2 veces), OSAF (G3), Enrique Martinelli Tiz\u00f3n (L) (3 veces), Arrabal (L), Coronel Alfonso Ugarte (L), Perinox (L), Galeno (L), Antinoo (2 veces), Rep\u00fablica Francesa (2 veces), Asociaci\u00f3n de Periodistas H\u00edpicos del Per\u00fa, Manuel Checa Solari, Copa de Criadores, Batalla de Jun\u00edn, Coronel Leoncio Prado, Bradock, Antenor Rizo Patr\u00f3n. Adem\u00e1s, obtuvo otras 15 figuraciones cl\u00e1sicas, acumulando premios por encima de los US$ 150 mil a lo largo de su campa\u00f1a. Una lesi\u00f3n en el sesamoideo oblig\u00f3 a su retiro de la actividad, instal\u00e1ndose como padrillo titular en el Haras Rancho F\u00e1tima en noviembre del 2023, para iniciar funciones de como reproductor a partir del segundo semestre del 2024.[\/vc_column_text][\/vc_tta_section][vc_tta_section i_icon_fontawesome=\u00bbfar fa-file-pdf\u00bb add_icon=\u00bbtrue\u00bb title=\u00bbPedigree\u00bb tab_id=\u00bb1677670015874-7c27ce94-dcc5&#8243;][vc_column_text]<\/p>\n<p style=\"text-align: center;\"><strong>ABDEL NAZER<\/strong><\/p>\n<p style=\"text-align: center;\">Casta\u00f1o nacido el 27 de septiembre de 2015<br \/>\nCriador: Haras El Embrujo, Chaclacayo, Lima Peru<br \/>\nPropietario: Haras Rancho F\u00e1tima[\/vc_column_text][vc_empty_space][vc_single_image image=\u00bb3477&#8243; img_size=\u00bbfull\u00bb][vc_empty_space][vc_single_image image=\u00bb3475&#8243; img_size=\u00bbfull\u00bb][\/vc_tta_section][vc_tta_section title=\u00bbProducci\u00f3n\u00bb tab_id=\u00bb1677670494909-c8ca0cc2-b39d\u00bb][vc_column_text]En el II semestre del 2024 se iniciar\u00e1 como reproductor.[\/vc_column_text][\/vc_tta_section][vc_tta_section title=\u00bbEstad\u00edsticas\u00bb tab_id=\u00bb1677670513028-1f000dbd-5ff3&#8243;][vc_column_text]En este a\u00f1o 2024 se iniciar\u00e1 como reproductor.[\/vc_column_text][\/vc_tta_section][vc_tta_section title=\u00bbGaler\u00eda\u00bb tab_id=\u00bb1677774347649-91be740c-f0d1&#8243;][vc_gallery type=\u00bbimage_grid\u00bb images=\u00bb3437,3445,3446&#8243; img_size=\u00bbmedium\u00bb][\/vc_tta_section][\/vc_tta_tabs][\/vc_column][\/vc_row][vc_row full_width=\u00bbstretch_row_content\u00bb][vc_column][vc_separator border_width=\u00bb2&#8243;][vc_empty_space height=\u00bb15px\u00bb][\/vc_column][\/vc_row][vc_row][vc_column][vc_separator style=\u00bbdouble\u00bb border_width=\u00bb2&#8243;][\/vc_column][\/vc_row]<\/p>\n","protected":false},"excerpt":{"rendered":"<p>[vc_row][vc_column][vc_separator border_width=\u00bb2&#8243;][vc_column_text css=\u00bb.vc_custom_1701778830157{margin-top: 50px !important;}\u00bb] ABDEL NAZER (PER) [\/vc_column_text][vc_empty_space][vc_empty_space][vc_single_image image=\u00bb3437&#8243; img_size=\u00bb750&#215;500&#8243; alignment=\u00bbcenter\u00bb][vc_tta_tabs shape=\u00bbsquare\u00bb spacing=\u00bb\u00bb alignment=\u00bbcenter\u00bb active_section=\u00bb1&#8243; no_fill_content_area=\u00bbtrue\u00bb][vc_tta_section title=\u00bbRese\u00f1a\u00bb tab_id=\u00bb1677670015874-8e1aa575-4f11&#8243;][vc_column_text el_class=\u00bbtexto-justificado\u00bb css=\u00bb.vc_custom_1701949305407{margin-top: 25px !important;}\u00bb]Abdel Nazer es hijo de Minister\u2019s Joy y Sintra (Play The Gold), que defendi\u00f3 los colores del Stud Soribel. Gan\u00f3 26 carreras, de las cuales 25 fueron cl\u00e1sicos: Hip\u00f3dromo de Monterrico (G2), OSAF [&hellip;]<\/p>\n","protected":false},"author":1,"featured_media":0,"parent":0,"menu_order":0,"comment_status":"closed","ping_status":"closed","template":"","meta":{"_monsterinsights_skip_tracking":false,"_monsterinsights_sitenote_active":false,"_monsterinsights_sitenote_note":"","_monsterinsights_sitenote_category":0,"footnotes":""},"class_list":["post-3438","page","type-page","status-publish","hentry"],"aioseo_notices":[],"_links":{"self":[{"href":"https:\/\/ranchofatima.com\/index.php\/wp-json\/wp\/v2\/pages\/3438","targetHints":{"allow":["GET"]}}],"collection":[{"href":"https:\/\/ranchofatima.com\/index.php\/wp-json\/wp\/v2\/pages"}],"about":[{"href":"https:\/\/ranchofatima.com\/index.php\/wp-json\/wp\/v2\/types\/page"}],"author":[{"embeddable":true,"href":"https:\/\/ranchofatima.com\/index.php\/wp-json\/wp\/v2\/users\/1"}],"replies":[{"embeddable":true,"href":"https:\/\/ranchofatima.com\/index.php\/wp-json\/wp\/v2\/comments?post=3438"}],"version-history":[{"count":11,"href":"https:\/\/ranchofatima.com\/index.php\/wp-json\/wp\/v2\/pages\/3438\/revisions"}],"predecessor-version":[{"id":3509,"href":"https:\/\/ranchofatima.com\/index.php\/wp-json\/wp\/v2\/pages\/3438\/revisions\/3509"}],"wp:attachment":[{"href":"https:\/\/ranchofatima.com\/index.php\/wp-json\/wp\/v2\/media?parent=3438"}],"curies":[{"name":"wp","href":"https:\/\/api.w.org\/{rel}","templated":true}]}}

<p>[vc_row][vc_column][vc_separator border_width=»2&#8243;][vc_column_text css=».vc_custom_1701778830157{margin-top: 50px !important;}»]</p>
<h2 style="text-align: center; color: black; margin-bottom: -25px;">ABDEL NAZER (PER)</h2>
<p>[/vc_column_text][vc_empty_space]<h5 class="sc_title sc_title_regular" style="color:#000000;"></p>
<p style="text-align: center;"><strong>Minister´s Joy-Sintra por Play the Gold</strong></p>
<p></h5>[vc_empty_space][vc_single_image image=»3437&#8243; img_size=»750&#215;500&#8243; alignment=»center»][vc_tta_tabs shape=»square» spacing=»» alignment=»center» active_section=»1&#8243; no_fill_content_area=»true»][vc_tta_section title=»Reseña» tab_id=»1677670015874-8e1aa575-4f11&#8243;][vc_column_text el_class=»texto-justificado» css=».vc_custom_1701949305407{margin-top: 25px !important;}»]Abdel Nazer es hijo de Minister’s Joy y Sintra (Play The Gold), que defendió los colores del Stud Soribel. Ganó 26 carreras, de las cuales 25 fueron clásicos: Hipódromo de Monterrico (G2), OSAF (G2), José Rodríguez Razzeto (G3) (2 veces), Juan Magot Roselló (G3) (2 veces), OSAF (G3), Enrique Martinelli Tizón (L) (3 veces), Arrabal (L), Coronel Alfonso Ugarte (L), Perinox (L), Galeno (L), Antinoo (2 veces), República Francesa (2 veces), Asociación de Periodistas Hípicos del Perú, Manuel Checa Solari, Copa de Criadores, Batalla de Junín, Coronel Leoncio Prado, Bradock, Antenor Rizo Patrón. Además, obtuvo otras 15 figuraciones clásicas, acumulando premios por encima de los US$ 150 mil a lo largo de su campaña. Una lesión en el sesamoideo obligó a su retiro de la actividad, instalándose como padrillo titular en el Haras Rancho Fátima en noviembre del 2023, para iniciar funciones de como reproductor a partir del segundo semestre del 2024.[/vc_column_text][/vc_tta_section][vc_tta_section i_icon_fontawesome=»far fa-file-pdf» add_icon=»true» title=»Pedigree» tab_id=»1677670015874-7c27ce94-dcc5&#8243;][vc_column_text]</p>
<p style="text-align: center;"><strong>ABDEL NAZER</strong></p>
<p style="text-align: center;">Castaño nacido el 27 de septiembre de 2015<br />
Criador: Haras El Embrujo, Chaclacayo, Lima Peru<br />
Propietario: Haras Rancho Fátima[/vc_column_text][vc_empty_space][vc_single_image image=»3477&#8243; img_size=»full»][vc_empty_space][vc_single_image image=»3475&#8243; img_size=»full»][/vc_tta_section][vc_tta_section title=»Producción» tab_id=»1677670494909-c8ca0cc2-b39d»][vc_column_text]En el II semestre del 2024 se iniciará como reproductor.[/vc_column_text][/vc_tta_section][vc_tta_section title=»Estadísticas» tab_id=»1677670513028-1f000dbd-5ff3&#8243;][vc_column_text]En este año 2024 se iniciará como reproductor.[/vc_column_text][/vc_tta_section][vc_tta_section title=»Galería» tab_id=»1677774347649-91be740c-f0d1&#8243;][vc_gallery type=»image_grid» images=»3437,3445,3446&#8243; img_size=»medium»][/vc_tta_section][/vc_tta_tabs][/vc_column][/vc_row][vc_row full_width=»stretch_row_content»][vc_column][vc_separator border_width=»2&#8243;][vc_empty_space height=»15px»][/vc_column][/vc_row][vc_row][vc_column][vc_separator style=»double» border_width=»2&#8243;][/vc_column][/vc_row]</p>

<p>[vc_row][vc_column][vc_separator border_width=»2&#8243;][vc_column_text css=».vc_custom_1701778830157{margin-top: 50px !important;}»] ABDEL NAZER (PER) [/vc_column_text][vc_empty_space][vc_empty_space][vc_single_image image=»3437&#8243; img_size=»750&#215;500&#8243; alignment=»center»][vc_tta_tabs shape=»square» spacing=»» alignment=»center» active_section=»1&#8243; no_fill_content_area=»true»][vc_tta_section title=»Reseña» tab_id=»1677670015874-8e1aa575-4f11&#8243;][vc_column_text el_class=»texto-justificado» css=».vc_custom_1701949305407{margin-top: 25px !important;}»]Abdel Nazer es hijo de Minister’s Joy y Sintra (Play The Gold), que defendió los colores del Stud Soribel. Ganó 26 carreras, de las cuales 25 fueron clásicos: Hipódromo de Monterrico (G2), OSAF [&hellip;]</p>
