{"id":2702,"date":"2023-05-08T11:53:59","date_gmt":"2023-05-08T11:53:59","guid":{"rendered":"http:\/\/harasranchofatima.com\/?page_id=2702"},"modified":"2023-06-28T08:34:36","modified_gmt":"2023-06-28T08:34:36","slug":"admirals-cruise","status":"publish","type":"page","link":"https:\/\/ranchofatima.com\/index.php\/admirals-cruise\/","title":{"rendered":"Admirals Cruise"},"content":{"rendered":"<p>[vc_row][vc_column][vc_separator border_width=\u00bb2&#8243;][vc_column_text css=\u00bb.vc_custom_1687941265591{margin-top: 50px !important;}\u00bb]<\/p>\n<h2 style=\"color: black; text-align: center;\">ADMIRALS CRUISE (EEUU)<\/h2>\n<p>[\/vc_column_text]<h5 class=\"sc_title sc_title_regular\" style=\"color:#000000;\"><\/p>\n<p style=\"text-align: center;\"><strong>A.P. Indy \u2013 Ladies Cruise por Fappiano<\/strong><\/p>\n<p><\/h5>[vc_empty_space][vc_single_image image=\u00bb2765&#8243; img_size=\u00bb750&#215;500&#8243; alignment=\u00bbcenter\u00bb][vc_tta_tabs shape=\u00bbsquare\u00bb spacing=\u00bb\u00bb alignment=\u00bbcenter\u00bb active_section=\u00bb1&#8243; no_fill_content_area=\u00bbtrue\u00bb][vc_tta_section title=\u00bbRese\u00f1a\u00bb tab_id=\u00bb1677670015874-8e1aa575-4f11&#8243;][vc_column_text el_class=\u00bbtexto-justificado\u00bb]Admirals Cruise, hijo de A.P. Indy y Ladies Cruise por Fappiano, tuvo una campa\u00f1a de 22 salidas de las cuales gano 5 veces, 4 veces segundo y 3 veces tercero acumulando un total de $239,113 en premios. Comenz\u00f3 su campa\u00f1a en Inglaterra en donde logro tres triunfos y un valioso place en el Stanjamesuk.com Jockey Club Stakes (Gr.2) en Newmarket. Una lesi\u00f3n lo vio obligado a descansar por dos a\u00f1os. Reapareci\u00f3 en los Estados Unidos logrando un tercer lugar en el Harrison E. Johnson Memorial Handicap (Black Type) y registrando un E Speed figure de 116. Fue retirado de las pistas a los 7 a\u00f1os en el 2009. Llego al Haras Rancho F\u00e1tima en el 2010 y dejo solo dos generaciones. Con una reducida producci\u00f3n se caracterizo por ser un buen abuelo materno. Entre sus mejores nietos encontramos a <strong>Juego de Tronos<\/strong> (Singe the Turf) 2do en el Cl\u00e1sico Postin (Gr.2), <strong>Spindrift <\/strong>(Riviera Cocktail) 4to en el Cl\u00e1sico Postin (Gr.2) y <strong>Reserva <\/strong>(Riviera Cocktail) 2da en el Cl\u00e1sico Miguel Fort Magot (Gr.3).[\/vc_column_text][\/vc_tta_section][vc_tta_section i_icon_fontawesome=\u00bbfar fa-file-pdf\u00bb add_icon=\u00bbtrue\u00bb title=\u00bbPedigree\u00bb tab_id=\u00bb1677670015874-7c27ce94-dcc5&#8243;][vc_column_text]<\/p>\n<p style=\"text-align: center;\"><strong>ADMIRALS CRUISE<\/strong><\/p>\n<p style=\"text-align: center;\">Nacido: Casta\u00f1o nacido en EEUU en 2002<br \/>\nPropietario: Haras Rancho F\u00e1tima[\/vc_column_text][vc_empty_space][vc_single_image image=\u00bb3112&#8243; img_size=\u00bbfull\u00bb alignment=\u00bbcenter\u00bb][\/vc_tta_section][vc_tta_section title=\u00bbProducci\u00f3n\u00bb tab_id=\u00bb1677670494909-c8ca0cc2-b39d\u00bb][vc_column_text]<strong>Hijos Ganadores Cl\u00e1sicos (1):<\/strong><\/p>\n<p><strong>BRADOMIN<\/strong> 1ro Baldomero Asp\u00edllaga (G3) y Batalla de Tarapac\u00e1 (L)[\/vc_column_text][\/vc_tta_section][vc_tta_section title=\u00bbEstad\u00edsticas\u00bb tab_id=\u00bb1677670513028-1f000dbd-5ff3&#8243;][\/vc_tta_section][vc_tta_section title=\u00bbGaler\u00eda\u00bb tab_id=\u00bb1677774347649-91be740c-f0d1&#8243;][\/vc_tta_section][\/vc_tta_tabs][\/vc_column][\/vc_row][vc_row full_width=\u00bbstretch_row_content\u00bb css=\u00bb.vc_custom_1681989376842{margin-top: 15px !important;}\u00bb][vc_column][vc_separator border_width=\u00bb2&#8243;][vc_empty_space height=\u00bb15px\u00bb][\/vc_column][\/vc_row][vc_row][vc_column][vc_separator style=\u00bbdouble\u00bb border_width=\u00bb2&#8243;][\/vc_column][\/vc_row]<\/p>\n","protected":false},"excerpt":{"rendered":"<p>[vc_row][vc_column][vc_separator border_width=\u00bb2&#8243;][vc_column_text css=\u00bb.vc_custom_1687941265591{margin-top: 50px !important;}\u00bb] ADMIRALS CRUISE (EEUU) [\/vc_column_text][vc_empty_space][vc_single_image image=\u00bb2765&#8243; img_size=\u00bb750&#215;500&#8243; alignment=\u00bbcenter\u00bb][vc_tta_tabs shape=\u00bbsquare\u00bb spacing=\u00bb\u00bb alignment=\u00bbcenter\u00bb active_section=\u00bb1&#8243; no_fill_content_area=\u00bbtrue\u00bb][vc_tta_section title=\u00bbRese\u00f1a\u00bb tab_id=\u00bb1677670015874-8e1aa575-4f11&#8243;][vc_column_text el_class=\u00bbtexto-justificado\u00bb]Admirals Cruise, hijo de A.P. Indy y Ladies Cruise por Fappiano, tuvo una campa\u00f1a de 22 salidas de las cuales gano 5 veces, 4 veces segundo y 3 veces tercero acumulando un total de $239,113 en [&hellip;]<\/p>\n","protected":false},"author":1,"featured_media":0,"parent":0,"menu_order":0,"comment_status":"closed","ping_status":"closed","template":"","meta":{"_monsterinsights_skip_tracking":false,"_monsterinsights_sitenote_active":false,"_monsterinsights_sitenote_note":"","_monsterinsights_sitenote_category":0,"footnotes":""},"class_list":["post-2702","page","type-page","status-publish","hentry"],"aioseo_notices":[],"_links":{"self":[{"href":"https:\/\/ranchofatima.com\/index.php\/wp-json\/wp\/v2\/pages\/2702","targetHints":{"allow":["GET"]}}],"collection":[{"href":"https:\/\/ranchofatima.com\/index.php\/wp-json\/wp\/v2\/pages"}],"about":[{"href":"https:\/\/ranchofatima.com\/index.php\/wp-json\/wp\/v2\/types\/page"}],"author":[{"embeddable":true,"href":"https:\/\/ranchofatima.com\/index.php\/wp-json\/wp\/v2\/users\/1"}],"replies":[{"embeddable":true,"href":"https:\/\/ranchofatima.com\/index.php\/wp-json\/wp\/v2\/comments?post=2702"}],"version-history":[{"count":9,"href":"https:\/\/ranchofatima.com\/index.php\/wp-json\/wp\/v2\/pages\/2702\/revisions"}],"predecessor-version":[{"id":3160,"href":"https:\/\/ranchofatima.com\/index.php\/wp-json\/wp\/v2\/pages\/2702\/revisions\/3160"}],"wp:attachment":[{"href":"https:\/\/ranchofatima.com\/index.php\/wp-json\/wp\/v2\/media?parent=2702"}],"curies":[{"name":"wp","href":"https:\/\/api.w.org\/{rel}","templated":true}]}}