{"id":2686,"date":"2023-05-08T11:44:03","date_gmt":"2023-05-08T11:44:03","guid":{"rendered":"http:\/\/harasranchofatima.com\/?page_id=2686"},"modified":"2023-06-28T08:40:02","modified_gmt":"2023-06-28T08:40:02","slug":"tan-pronto","status":"publish","type":"page","link":"https:\/\/ranchofatima.com\/index.php\/tan-pronto\/","title":{"rendered":"Tan Pronto"},"content":{"rendered":"<p>[vc_row][vc_column][vc_separator border_width=\u00bb2&#8243;][vc_column_text css=\u00bb.vc_custom_1687941593496{margin-top: 50px !important;}\u00bb]<\/p>\n<h2 style=\"color: black; text-align: center;\">TAN PRONTO (EEUU)<\/h2>\n<p>[\/vc_column_text]<h5 class=\"sc_title sc_title_regular\" style=\"color:#000000;\"><\/p>\n<p style=\"text-align: center;\"><strong>Pronto \u2013 Syrian Sea por Bold Ruler<\/strong><\/p>\n<p><\/h5>[vc_empty_space][vc_single_image image=\u00bb2714&#8243; img_size=\u00bb750&#215;500&#8243; alignment=\u00bbcenter\u00bb][vc_tta_tabs shape=\u00bbsquare\u00bb spacing=\u00bb\u00bb alignment=\u00bbcenter\u00bb active_section=\u00bb1&#8243; no_fill_content_area=\u00bbtrue\u00bb][vc_tta_section title=\u00bbRese\u00f1a\u00bb tab_id=\u00bb1677670015874-8e1aa575-4f11&#8243;][vc_column_text]Tan Pronto fue un hijo de Pronto y Syrian Sea (Bold Ruler y Somethingroyal), esta \u00faltima propia hermana de Secretariat. Fue adquirido para el Haras Rancho Luj\u00e1n, sede de Rancho F\u00e1tima en Argentina. Gan\u00f3 las dos \u00fanicas carreras en las que particip\u00f3 antes de que una lesi\u00f3n anticipara su retiro. All\u00ed, en Argentina, dio varios ganadores cl\u00e1sicos antes de llegar al Per\u00fa, donde solo produjo dos generaciones, pues muri\u00f3 en 1985. Pese a la reducida producci\u00f3n, destacaron sus hijos <strong>Tan Sola<\/strong>, <strong>Taylor<\/strong>, <strong>Torrealba <\/strong>y <strong>Tarim<\/strong>.[\/vc_column_text][\/vc_tta_section][vc_tta_section i_icon_fontawesome=\u00bbfar fa-file-pdf\u00bb add_icon=\u00bbtrue\u00bb title=\u00bbPedigree\u00bb tab_id=\u00bb1677670015874-7c27ce94-dcc5&#8243;][vc_column_text]<\/p>\n<p style=\"text-align: center;\"><strong>TAN PRONTO<\/strong><\/p>\n<p style=\"text-align: center;\">Casta\u00f1o nacido en EEUU en 1972<br \/>\nPropietario: Haras Rancho F\u00e1tima[\/vc_column_text][vc_empty_space][vc_single_image image=\u00bb2719&#8243; img_size=\u00bbfull\u00bb alignment=\u00bbcenter\u00bb][\/vc_tta_section][vc_tta_section title=\u00bbProducci\u00f3n\u00bb tab_id=\u00bb1677670494909-c8ca0cc2-b39d\u00bb][vc_column_text]Hijos Ganadores Cl\u00e1sicos (11):<\/p>\n<p><strong>NENAZO<\/strong> 1ro Jockey Club de Buenos Aires y Diego M. Arguello en Argentina<\/p>\n<p><strong>TANGAROA<\/strong> 1ra Luis M. Campos y Selecci\u00f3n en Argentina<\/p>\n<p><strong>TANTALEAN<\/strong> 1ro Manuel Anasagasti en Argentina<\/p>\n<p><strong>TARANTA<\/strong> 1ra Sibila (Gr.2), Carlos Tomkinson (Gr.2), Carlos P. Rodr\u00edguez (Gr.2), Carlos Menditeguy (Gr.3) en Argentina y June Darling Stakes en EEUU<\/p>\n<p><strong>TARAPOTO<\/strong> 1ro Rep\u00fablica de Francia y D\u00eda del Periodista<\/p>\n<p><strong>TARIM<\/strong> 1ro Pedro D. Gallagher (2 veces) y Rep\u00fablica de Paraguay<\/p>\n<p><strong>TARRAGO<\/strong> 1ro Esp. Oto\u00f1o y Liga Argentina de Jockey Clubes en Argentina<\/p>\n<p><strong>TAYLOR<\/strong> 1ro Miguel A. Checa Eguiguren (Gr.2), Aniversario del Turf Nacional y Batalla de Tarapac\u00e1<\/p>\n<p><strong>TELLO<\/strong> 1ro Gran Premio Jockey Club (Gr.1) en Argentina<\/p>\n<p><strong>TORREALBA<\/strong> 1ra Rep\u00fablica de Uruguay<\/p>\n<p><strong>TRAG\u00d3N<\/strong> 1ro Isidoro Arambur\u00fa (Gr.2) en Argentina[\/vc_column_text][\/vc_tta_section][vc_tta_section title=\u00bbEstad\u00edsticas\u00bb tab_id=\u00bb1677670513028-1f000dbd-5ff3&#8243;][\/vc_tta_section][vc_tta_section title=\u00bbGaler\u00eda\u00bb tab_id=\u00bb1677774347649-91be740c-f0d1&#8243;][\/vc_tta_section][\/vc_tta_tabs][\/vc_column][\/vc_row][vc_row full_width=\u00bbstretch_row_content\u00bb css=\u00bb.vc_custom_1681989376842{margin-top: 15px !important;}\u00bb][vc_column][vc_separator border_width=\u00bb2&#8243;][vc_empty_space height=\u00bb15px\u00bb][\/vc_column][\/vc_row][vc_row][vc_column][vc_separator style=\u00bbdouble\u00bb border_width=\u00bb2&#8243;][\/vc_column][\/vc_row]<\/p>\n","protected":false},"excerpt":{"rendered":"<p>[vc_row][vc_column][vc_separator border_width=\u00bb2&#8243;][vc_column_text css=\u00bb.vc_custom_1687941593496{margin-top: 50px !important;}\u00bb] TAN PRONTO (EEUU) [\/vc_column_text][vc_empty_space][vc_single_image image=\u00bb2714&#8243; img_size=\u00bb750&#215;500&#8243; alignment=\u00bbcenter\u00bb][vc_tta_tabs shape=\u00bbsquare\u00bb spacing=\u00bb\u00bb alignment=\u00bbcenter\u00bb active_section=\u00bb1&#8243; no_fill_content_area=\u00bbtrue\u00bb][vc_tta_section title=\u00bbRese\u00f1a\u00bb tab_id=\u00bb1677670015874-8e1aa575-4f11&#8243;][vc_column_text]Tan Pronto fue un hijo de Pronto y Syrian Sea (Bold Ruler y Somethingroyal), esta \u00faltima propia hermana de Secretariat. Fue adquirido para el Haras Rancho Luj\u00e1n, sede de Rancho F\u00e1tima en Argentina. Gan\u00f3 las dos \u00fanicas [&hellip;]<\/p>\n","protected":false},"author":1,"featured_media":0,"parent":0,"menu_order":0,"comment_status":"closed","ping_status":"closed","template":"","meta":{"_monsterinsights_skip_tracking":false,"_monsterinsights_sitenote_active":false,"_monsterinsights_sitenote_note":"","_monsterinsights_sitenote_category":0,"footnotes":""},"class_list":["post-2686","page","type-page","status-publish","hentry"],"aioseo_notices":[],"_links":{"self":[{"href":"https:\/\/ranchofatima.com\/index.php\/wp-json\/wp\/v2\/pages\/2686","targetHints":{"allow":["GET"]}}],"collection":[{"href":"https:\/\/ranchofatima.com\/index.php\/wp-json\/wp\/v2\/pages"}],"about":[{"href":"https:\/\/ranchofatima.com\/index.php\/wp-json\/wp\/v2\/types\/page"}],"author":[{"embeddable":true,"href":"https:\/\/ranchofatima.com\/index.php\/wp-json\/wp\/v2\/users\/1"}],"replies":[{"embeddable":true,"href":"https:\/\/ranchofatima.com\/index.php\/wp-json\/wp\/v2\/comments?post=2686"}],"version-history":[{"count":10,"href":"https:\/\/ranchofatima.com\/index.php\/wp-json\/wp\/v2\/pages\/2686\/revisions"}],"predecessor-version":[{"id":3168,"href":"https:\/\/ranchofatima.com\/index.php\/wp-json\/wp\/v2\/pages\/2686\/revisions\/3168"}],"wp:attachment":[{"href":"https:\/\/ranchofatima.com\/index.php\/wp-json\/wp\/v2\/media?parent=2686"}],"curies":[{"name":"wp","href":"https:\/\/api.w.org\/{rel}","templated":true}]}}